f - 4 = w, -r - 5 = f. Let o be 3*r/(-6)*3. What is the highest common factor of o and 6?
6
Let b = -10 - 2. Let w = -130 + 129. Let c be (21/b)/(w/4). Calculate the highest common divisor of 63 and c.
7
Suppose 0 = -o + 5. Suppose -2*c - 186 = -4*d, -20 = -4*d - o*c + 187. Calculate the highest common divisor of d and 6.
6
Let x(n) = -n**2 + 6*n + 4. Let u be x(6). Suppose 4*z - 48 = -u*v, 3*z - 8 = 2*v + 2*v. Let m = 89 - 81. What is the greatest common divisor of m and z?
8
Let w(d) = d**2 - 9*d + 38. Let z be w(6). Calculate the greatest common divisor of 8 and z.
4
Suppose m + 2 - 5 = 0. Suppose 0 = q - m*q. Suppose q*s - 4*s = -32. Calculate the highest common divisor of s and 12.
4
Suppose -4*u - 7 - 9 = 0. Let t = 1 - u. Suppose -t*d + 88 = -d. What is the greatest common divisor of d and 2?
2
Let r = 8 - 21. Let x = 0 - r. What is the highest common divisor of x and 104?
13
Suppose 0 = -106*g + 96*g + 1100. Let s(k) = k**3 + 5*k**2 + 2*k + 2. Let j be s(-2). What is the greatest common divisor of g and j?
10
Suppose 0 = 4*a - 8*a + 12. Suppose 0 = -2*y + 7*y + a*s + 2, -5*y = -2*s - 18. Calculate the highest common factor of 10 and y.
2
Let s = -5 - -7. Suppose 3*u = s*u + 24. Let l(t) = -t**3 + 4*t**2 + 3*t - 2. Let k be l(3). Calculate the greatest common factor of k and u.
8
Let h(l) = 8*l - 12. Let v be h(9). What is the greatest common divisor of 40 and v?
20
Let v = -14 - -24. Calculate the greatest common factor of v and 50.
10
Let d = 218 - 56. Let m = -96 + d. Calculate the highest common factor of m and 6.
6
Suppose -4*i + 6*i = 3*a + 102, -2*i = 5*a - 134. What is the greatest common divisor of 19 and i?
19
Let x(f) = f**2 + 5*f. Let k be x(-9). Let s = k - 16. What is the highest common factor of 30 and s?
10
Let t = -125 - -213. What is the greatest common factor of t and 11?
11
Let g(p) = p**3 + 3*p**2 + 2. Let v be g(-2). Let r be ((-25)/3)/((-1)/v). Let j = -273 - -283. Calculate the highest common divisor of r and j.
10
Suppose 0 = -5*k + 6 - 1, -4*k = -3*a + 2. Suppose a*i - 32 = -2*i. Calculate the greatest common factor of i and 32.
8
Let g = -40 - -70. Let n = 31 - -44. Calculate the greatest common factor of n and g.
15
Let i = -5 - -8. Suppose 0 + i = 3*q. Suppose r - 5*s + q = 103, -3*r = 4*s - 344. What is the highest common factor of r and 14?
14
Suppose 5*v = 7*a - 2*a - 350, -3*a + 224 = 4*v. Calculate the highest common divisor of 18 and a.
18
Let m be (10/(-4))/((-1)/6). Let p = -51 + 111. What is the highest common divisor of p and m?
15
Let f be 444/60 - 6/(-10). What is the highest common factor of f and 216?
8
Let s(y) = 2*y - 4. Let b be s(4). Suppose -5*g - 5 = -3*k, 0*k - 4*g = -b*k + 12. Suppose 7 = -k*z + 17. What is the highest common factor of 2 and z?
2
Suppose 0 = -7*n + 316 - 64. Calculate the greatest common divisor of 288 and n.
36
Suppose 0 = -4*w - 5*a + 11, 3*w = 8*w - a + 8. Let v be 6*w/(-3) - -178. Calculate the highest common divisor of v and 20.
20
Let t = 27 + -21. What is the highest common factor of t and 24?
6
Let b = 63 - 24. Suppose 13 - 97 = -3*l - 2*p, -4*l + 119 = 5*p. What is the greatest common factor of b and l?
13
Let d be (-2)/((2 + -3)*1). Let c = 6 - d. Let z(p) = p**2 - 2*p - 5. Let i be z(5). What is the greatest common factor of c and i?
2
Suppose 5*h = -2*b + 60, 24 = 2*h + 6*b - 2*b. What is the greatest common factor of 2 and h?
2
Let t(w) = -w**3 - w**2 + 18. Let x = 3 - 3. Let b be t(x). Let r(l) = -17*l + 3. Let i be r(-3). What is the greatest common divisor of b and i?
18
Let z = 2 - 0. Suppose 0 = 4*l - 14 + z. Suppose 1 = -3*q - 2*k, l*q - q = -5*k - 8. Calculate the greatest common divisor of q and 5.
1
Suppose -4*x = 5*y - 0*y - 24, 0 = 2*x - 4*y - 12. Let l be 2*1/(-2)*-4. Let p = x - l. What is the highest common divisor of 2 and p?
2
Suppose -r + 0 + 6 = 0. Calculate the highest common factor of 30 and r.
6
Let n = 28 - 16. Suppose -2*v - 4 + n = 0. What is the greatest common factor of v and 28?
4
Suppose 145*r - 140*r - 360 = 0. What is the highest common divisor of 16 and r?
8
Let h be 4/(-6) - 161/(-21). Calculate the greatest common divisor of h and 14.
7
Suppose -x - y = -13, 3*x + 5*y - 28 = 21. Let g(o) = -24*o. Let l be g(-3). What is the greatest common divisor of l and x?
8
Let x(q) = 2*q**3 - 2*q**2 + 3*q - 2. Suppose -4*t = -2*t - 4. Let b be x(t). Calculate the highest common factor of 30 and b.
6
Suppose -5*x + 3*x = 0. Suppose x = a - 0*a. Suppose 20 = 4*o, -o = 2*m - a*o - 47. Calculate the highest common factor of 14 and m.
7
Let x = 65 + 20. What is the greatest common divisor of x and 34?
17
Let t be (-320)/(-4)*1/2. Suppose 0 = -5*m + 10*m - t. What is the highest common divisor of m and 20?
4
Let z(u) be the first derivative of u**3/3 + 3*u**2 + 5*u - 3. Let w be z(-6). Suppose -33 = -w*y + 37. Calculate the highest common divisor of y and 126.
14
Suppose -y - 5*g = y + 21, -y = -g + 14. Let s be 2/(-1) + (2 - y). What is the greatest common factor of s and 104?
13
Let a(p) = -p**2 - 7*p - 3. Let g be a(-5). Let s(f) = 3*f - 8. Let l be s(g). Calculate the greatest common factor of 52 and l.
13
Let o = 46 + 59. Calculate the greatest common factor of o and 15.
15
Suppose 4*s = 2*s + 26. Calculate the highest common divisor of 13 and s.
13
Let o be ((-5)/(-10))/((-1)/(-80)). Calculate the greatest common factor of o and 10.
10
Let j(o) = -o**2 - 3 + 2 - 9*o - 3. Let n be j(-4). Let p = 3 - -5. Calculate the greatest common factor of p and n.
8
Suppose 3*j = 2*m + 14, 6*m - 4*m + 8 = 0. Suppose 0 = -2*q + j*n + 126, 3*q - 85 = 5*n + 110. What is the highest common divisor of 24 and q?
12
Suppose s = -m + 5, 2*s + 0 - 1 = m. What is the greatest common factor of 18 and s?
2
Let i(l) = -l**2 + 8*l - 4. Let d be i(6). Suppose -11 = -5*s + 9. Let t = s + 4. Calculate the greatest common divisor of d and t.
8
Let x be ((-117)/(-12))/(2/200). Let z be x/9 + (-1)/3. What is the highest common factor of z and 12?
12
Let m(g) be the third derivative of g**4/6 - g**3/6 + g**2. Let i be m(2). Calculate the greatest common divisor of 56 and i.
7
Let f(u) = 17*u + 3. Let k be f(3). Let v be (4/(-6))/((-4)/k). What is the greatest common divisor of v and 27?
9
Let k = 354 - 209. Let y = k - 49. Calculate the greatest common factor of 12 and y.
12
Let w be (277/9)/1 + (-6)/(-27). Calculate the greatest common factor of w and 93.
31
Let v be (3/9)/(2/18). Suppose -4*g + 54 = -g. Let d be 3 + g + (2 - -1). What is the greatest common divisor of d and v?
3
Let v be (-6)/4*(-1 + (-34)/6). Calculate the highest common factor of v and 25.
5
Let a be -2 + (-3)/2*-152. Suppose 4*g + a = 3*k, g - 136 = -2*k - 0. What is the greatest common factor of k and 10?
10
Suppose -p = 4, 2*o - 2*p - 234 = 2*p. Suppose 6*l + 3*s + o = l, -46 = 2*l + 2*s. Let q = l + 29. What is the greatest common divisor of q and 9?
9
Let h(a) be the third derivative of a**5/60 + 5*a**4/24 - 5*a**3/6 + a**2. Let l be h(-6). Calculate the highest common factor of 7 and l.
1
Let t(l) = l**3 + 4*l - 2*l + 2*l**2 + 2*l**2 + 3. Let m be t(-4). Let g be (-10)/(-4)*(-18)/m. What is the highest common factor of g and 9?
9
Let y be (-10)/(-2*3/(-30)). Let x be 10/y - 22/(-10). Suppose 4 = w + 2*n + 1, -5*n = 5*w - 15. Calculate the greatest common divisor of w and x.
1
Let j = -22 - -8. Let v = -9 - j. Suppose -2*q + 0*q = -90. Calculate the highest common factor of v and q.
5
Suppose 3*s = 2*q - 7*q + 27, 5*s - 2*q - 14 = 0. Suppose 4*m = s*o + 5*m - 30, 3*m - 34 = -5*o. Calculate the greatest common factor of 64 and o.
8
Let a(p) = p + 4. Let s be a(-6). Let b be (110/(-3))/(s/3). Calculate the greatest common factor of 22 and b.
11
Let b = 22 + 6. Let a(i) = i**3 - 3*i**2 + 3. Let x be a(4). Suppose 0 = -2*r - 3*z + x, 41 + 0 = 4*r + 5*z. Calculate the greatest common factor of r and b.
14
Let s(u) = 0 - 20*u**3 + 1 + 6*u**2 + 19*u**3. Let a be s(6). Calculate the greatest common factor of 4 and a.
1
Let a(i) = -i**3 + 6*i**2 + 5*i + 12. Let g be a(6). What is the highest common factor of g and 28?
14
Suppose 2*c = -2*y + 70 + 60, -3*y + 9 = 0. Suppose 0 = -5*m - 12 + c. What is the greatest common divisor of m and 50?
10
Let q(z) be the second derivative of 41*z**3/6 - z**2/2 - 